 common divisor of 80 and d?
10
Suppose 0*z = 5*z + k - 1276, 1264 = 5*z + 4*k. What is the highest common factor of 32 and z?
32
Suppose 2*z - 14 = 4*l, -l - 16 = -4*z + 26. What is the greatest common divisor of z and 121?
11
Let z = -60 - -63. Calculate the highest common divisor of z and 6.
3
Suppose -3*c + 4 = -c. Let h(i) = i**3 - i**2 + 3*i - 3. Let x be h(c). Calculate the greatest common factor of 21 and x.
7
Let s be (0 + 2)*(-7)/(-7). What is the greatest common factor of s and 2?
2
Suppose -6 = -2*m + m. Let w(y) = -2*y. Let g be w(-9). What is the greatest common factor of g and m?
6
Let h be 2/(-3) + (-220)/(-6). Let q(u) = -25*u**3 + u**2 + 2*u. Let c be q(-1). What is the highest common divisor of h and c?
12
Suppose -5*s + 4*s + 16 = 0. Calculate the greatest common divisor of 176 and s.
16
Let a(f) = 23*f - 1. Suppose -3*c = -2*c - 1. Let h be a(c). Let z = h + -9. Calculate the greatest common factor of 26 and z.
13
Let x(l) = -l**2 + 2*l - 1. Let k(n) = -n + 1. Let p(s) = -6*k(s) - x(s). Let a be p(-6). Calculate the greatest common divisor of a and 7.
7
Let r = 35 + -21. Calculate the highest common factor of r and 14.
14
Let y(d) = -18*d + 2. Let r be y(-1). Suppose 0 = w - 4*w + 192. Let c = w - r. Calculate the highest common factor of 4 and c.
4
Suppose 0*o - 127 = -2*u + o, 0 = -o + 1. Suppose 0 = -3*a + 3, 5*d + u = -a + 395. Calculate the greatest common divisor of d and 22.
22
Let a = 37 + -13. Suppose 2*r = -3*d + 147, r - 3*d - 1 = 68. Calculate the highest common divisor of r and a.
24
Let b = 2 - -1. What is the highest common divisor of b and 9?
3
Suppose 10*d = 6*d + 32. Calculate the highest common divisor of d and 20.
4
Let t = 48 - 33. Suppose -z - t = -4*q - 4*z, -q + 9 = -z. Let u(i) = 2*i**2 - 9*i. Let y be u(q). What is the greatest common factor of y and 126?
18
Let k = -7 + 12. Suppose -r + 4 = -o - 3*r, 25 = -k*r. Let g be 3/o - (-30)/4. What is the highest common divisor of g and 16?
8
Let d = -72 - -102. Calculate the greatest common divisor of d and 6.
6
Let l = 29 - 16. Let c(y) = 2*y**2 - 3*y - 1. Let f be c(-2). What is the greatest common divisor of l and f?
13
Let h be ((-1)/3)/(1/(-6)). Suppose -f = -h*f + 5*p + 2, -4*p - 22 = -2*f. What is the highest common factor of 119 and f?
17
Let b = 83 + -44. Let l = 7 + b. Calculate the highest common divisor of 23 and l.
23
Let n = -8 + 13. Let s = 65 - 12. Suppose -2*q - 2*l = -88, 3*q - 5*q + s = -n*l. What is the highest common divisor of 26 and q?
13
Let f be (-32)/(-17) + 5/(510/12). Suppose n - 11 - 4 = 0. Let i be ((-18)/n)/((-2)/30). Calculate the highest common factor of i and f.
2
Suppose -4*a = -4*g - 7*a + 1434, -5*g - 5*a + 1790 = 0. Calculate the highest common divisor of 45 and g.
45
Suppose -l + 88 = -0*l. What is the highest common divisor of l and 11?
11
Suppose -3*l = -6*l + 3. Calculate the highest common divisor of 8 and l.
1
Suppose -4*q + 27 = -c - 116, 0 = 5*q + 5*c - 185. What is the greatest common divisor of q and 9?
9
Suppose -2*c + 25 = 3*c. Calculate the greatest common factor of 15 and c.
5
Let b(n) = n**2 - 3*n. Let w be b(6). What is the highest common factor of w and 162?
18
Let z(v) = -2*v + 42. Let b be z(11). Calculate the highest common factor of b and 50.
10
Suppose 0 = 3*u - 7*u. Suppose -4*z + u = -4. Let o(m) = -m**2 - 3*m + 2. Let h be o(-3). Calculate the highest common factor of z and h.
1
Let h = 98 - 17. Let s(g) = -g**2 + 1 + g + g**3 - 3*g + 5*g**2. Let t be s(-4). What is the greatest common divisor of t and h?
9
Suppose -4*r = r + 20. Let o(x) = -x**3 - 4*x**2 - 2*x - 6. Let v be o(r). What is the greatest common divisor of v and 16?
2
Let y = -4 - -18. Calculate the greatest common divisor of y and 154.
14
Suppose 2*h - 4*m - 4 = 0, -4*h + 0*m + 32 = 4*m. Suppose -5*q = -h*q + 15. Calculate the greatest common divisor of 6 and q.
3
Suppose 0 = 5*i - 196 - 164. Calculate the greatest common factor of 9 and i.
9
Let d be ((-351)/(-65))/(2/10). What is the greatest common divisor of 9 and d?
9
Let v(r) = r**2 - r + 28. Let c be v(0). Let n be 328/c - 2/(-7). Calculate the highest common factor of n and 18.
6
Let h be 2/9 - (-124)/9. Let o be 275/1 + 2 + -1. Let p = o - 164. Calculate the greatest common factor of h and p.
14
Let v(n) = -9*n - 81. Let l be v(-17). Let z = 45 + -27. Calculate the greatest common factor of z and l.
18
Let s be (-1 + 7)/1 - (-7 + 6). What is the highest common factor of 63 and s?
7
Let v(q) = -q**3 + q**2 - q. Let i be v(0). Let n(r) = -2*r + 20. Let h be n(i). Calculate the highest common divisor of h and 4.
4
Suppose 0 = -10*w + 231 + 129. What is the highest common factor of 396 and w?
36
Let g = 107 - 17. Let f = -11 + 15. Suppose o + 4 = 0, 2*b - f*o = 41 + 11. What is the highest common factor of b and g?
18
Let i be (0 - 17) + 21/(-7). Let b be 1/((i/(-12))/5). What is the greatest common divisor of b and 21?
3
Suppose 5*z - 6*a = -a + 10, 2*a - 32 = -4*z. Let h be 364/18 - z/27. Calculate the highest common divisor of 180 and h.
20
Let f be (-1)/(-3*(-2)/6). Let z be 13 - f/(1/(-3)). Suppose -74 = -5*p + 176. Calculate the greatest common factor of p and z.
10
Suppose i - 3*r = 17, 0*i = -5*i - r + 21. Suppose 0*c = -3*c - 3*b + 9, c = -4*b + 9. Suppose c + 19 = 4*w. Calculate the highest common factor of i and w.
5
Let m(x) = 18*x - 1. Let k be m(-4). Let j = k - -127. What is the greatest common factor of j and 9?
9
Suppose 8 = -t + 11. Let d(k) be the second derivative of k**4/6 - k**3/2 + k**2/2 + k. Let p be d(t). Calculate the highest common divisor of 5 and p.
5
Suppose f = -2 - 3. Let t = f + 5. Suppose n - 5*y - 28 = t, -n - 12 = 2*y + y. What is the highest common factor of n and 3?
3
Suppose 5*n - 62 = -27. What is the highest common factor of n and 49?
7
Suppose 4*t + 45 = 109. Let h(d) = -d**2 - 2*d + 32. Let z be h(0). What is the greatest common divisor of t and z?
16
Let l = 5 + -3. Let h = 200 + -108. Suppose 4*a - h = 3*k, 0 = -3*k - 9 - 3. Calculate the highest common divisor of a and l.
2
Suppose -5*h - 10 = -4*m + 11, -3*m + 4*h = -16. Let v = 34 - 22. Calculate the greatest common factor of m and v.
4
Let l = 6 - 6. Suppose l = -0*h + 3*h. Suppose g = -h*g + 20. What is the greatest common divisor of g and 5?
5
Let m be (4/(-5))/(41/(-20) + 2). What is the greatest common divisor of m and 16?
16
Suppose 2*x + 5 = 3*x. Suppose 0 = x*i - 2*i - 357. Let n(s) = -s**2 + 10*s + 8. Let y be n(9). What is the greatest common divisor of y and i?
17
Let w be ((-7)/(-28)*-4)/((-1)/33). What is the highest common divisor of w and 44?
11
Let g = -20 + 11. Let s = g + 6. Let o be (s/(-6))/(1/18). Calculate the greatest common divisor of 3 and o.
3
Let x(r) = r**2 + 2*r + 4. Suppose 2 = -3*w + 5*g, -2 - 8 = 2*w + g. Let z be x(w). Let y = 4 - 0. What is the highest common divisor of z and y?
4
Let w = -55 + 71. Calculate the greatest common divisor of 16 and w.
16
Let z = -2 + 3. Let y(j) = 9*j - 2. Let f be y(1). Suppose 3*m - 2*h - f = 3*h, 0 = -3*m - 2*h + 35. What is the highest common factor of z and m?
1
Let r = -19 + 69. Let j be (46/(-4))/((-5)/r). Let o = j + -51. What is the greatest common divisor of 8 and o?
8
Suppose 0 = -2*l - 4 + 22. What is the highest common factor of l and 45?
9
Suppose 254 = 5*t - 71. Let c = t - 44. Calculate the highest common factor of c and 21.
21
Suppose 0 = 2*k + 2*k - 1296. Suppose -5*i = -i - k. Calculate the greatest common factor of 9 and i.
9
Let o = 59 + -41. Calculate the greatest common factor of 12 and o.
6
Let h(v) = 3*v**2 + 4*v - 20. Let p be h(-7). What is the highest common divisor of p and 11?
11
Let n = 143 - 134. Calculate the greatest common divisor of n and 144.
9
Let h = 2 + 0. Suppose -h*t - 5*k + 129 = 0, -2*k = -2*t + k + 153. Calculate the highest common factor of 8 and t.
8
Let k(y) = 5 + 4*y + 5 - 4 + 1. Let f be k(9). Suppose 7 = -3*s + f. Calculate the highest common divisor of 24 and s.
12
Let q(k) = 9*k. Let f be q(2). Let c(l) = l**3 + 6*l**2 + 7*l + 5. Let v be c(-5). Let j = 7 + v. Calculate the highest common divisor of j and f.
2
Suppose 5*j + 684 + 896 = 4*l, 0 = -5*l - 25. Let g = j - -196. Let c = -58 - g. Calculate the greatest common divisor of 6 and c.
6
Suppose -w - 3